omposite number?
False
Is 12443718139 a prime number?
True
Is 3001663759 prime?
True
Is 454539901 composite?
True
Is 678281677 a composite number?
True
Is 639136571 a prime number?
True
Is 3771476243 a composite number?
False
Is 832454669 a prime number?
True
Is 21759510757 a prime number?
False
Is 43136076463 prime?
False
Is 38467018123 composite?
False
Is 5559749791 composite?
False
Is 11475129053 composite?
False
Is 5401277363 composite?
False
Is 173240423 composite?
True
Is 1609140209 composite?
False
Is 12609722231 composite?
True
Is 947098003 composite?
True
Is 518092879 a composite number?
False
Is 40509344609 prime?
True
Is 377416267 prime?
False
Is 10534351079 composite?
True
Is 12742950817 prime?
True
Is 43421317 prime?
True
Is 2050293529 a prime number?
True
Is 26203310801 composite?
False
Is 67244719 prime?
False
Is 1172921107 a composite number?
False
Is 1630353061 prime?
False
Is 544901537 prime?
True
Is 2233900169 composite?
True
Is 651466207 a prime number?
False
Is 1333106949 a composite number?
True
Is 20472548513 a prime number?
False
Is 2766368249 a prime number?
True
Is 545497439 a prime number?
True
Is 30568183 a prime number?
True
Is 964413487 composite?
False
Is 9768217789 prime?
False
Is 128635152409 a prime number?
True
Is 1125188963 a composite number?
True
Is 12304006067 composite?
False
Is 14387235493 a prime number?
False
Is 3830577011 prime?
True
Is 2554189801 prime?
True
Is 20995146509 composite?
True
Is 5319620921 composite?
True
Is 2199634181 composite?
False
Is 422665297 a composite number?
False
Is 28713347549 composite?
False
Is 156925933 a prime number?
False
Is 461544590579 prime?
True
Is 3356894119 a composite number?
False
Is 7561308509 composite?
False
Is 15107111633 composite?
False
Is 1940803903 composite?
False
Is 12450703378 composite?
True
Is 2808926321 a prime number?
True
Is 44795778091 composite?
True
Is 162549527 composite?
True
Is 796946147 a composite number?
True
Is 78529369 a composite number?
False
Is 724246981 composite?
True
Is 10824366037 composite?
True
Is 9524980301 composite?
False
Is 12242515123 composite?
False
Is 2028808037 composite?
True
Is 6148660046 a composite number?
True
Is 2393057273 a composite number?
True
Is 585306619 a composite number?
False
Is 34716932477 prime?
False
Is 131813029 a prime number?
False
Is 328635883 prime?
True
Is 2601481921 prime?
True
Is 217173427 prime?
False
Is 3878535281 a prime number?
False
Is 12074648101 composite?
False
Is 670778263 a composite number?
True
Is 1424977261 a composite number?
True
Is 2616397439 prime?
True
Is 3939101849 composite?
False
Is 17952596749 prime?
False
Is 15809503811 a composite number?
False
Is 430130411 a composite number?
False
Is 11313467281 a prime number?
True
Is 982363721 composite?
True
Is 45269213513 composite?
True
Is 1925242771 composite?
False
Is 3419599091 composite?
False
Is 654912113 composite?
False
Is 157100488373 a prime number?
True
Is 16604773 a composite number?
True
Is 70109027671 a composite number?
False
Is 14214689063 a composite number?
False
Is 5486946289 composite?
True
Is 149716005067 prime?
False
Is 437118371 composite?
False
Is 1085925821 a composite number?
False
Is 137763238591 a prime number?
False
Is 45859799 composite?
False
Is 10450033007 prime?
True
Is 46839665783 composite?
True
Is 13132292549 composite?
True
Is 1695900317 composite?
False
Is 42399141977 a composite number?
False
Is 291220057 a composite number?
False
Is 6779760631 composite?
True
Is 3787144157 a prime number?
True
Is 607810849 composite?
False
Is 5822006747 composite?
False
Is 3645761839 prime?
False
Is 702444761 a composite number?
True
Is 67171541323 a prime number?
True
Is 11392487245 composite?
True
Is 17177950199 prime?
False
Is 6559321841 composite?
True
Is 5467099579 prime?
True
Is 1179954565 a prime number?
False
Is 408417271 composite?
False
Is 2186648099 prime?
True
Is 59569599 composite?
True
Is 1375819169 composite?
False
Is 43945489571 composite?
False
Is 1852179591 prime?
False
Is 11203348639 composite?
True
Is 2217994679 a prime number?
True
Is 54658507 composite?
True
Is 12412269043 a composite number?
True
Is 4753291234 composite?
True
Is 21888503003 prime?
True
Is 60498440194 composite?
True
Is 2151099161 composite?
False
Is 1793210029 composite?
True
Is 261103563233 composite?
False
Is 2431468939 a composite number?
False
Is 17298791107 composite?
True
Is 26571699377 prime?
False
Is 13426042879 composite?
True
Is 29951010841 prime?
True
Is 988970321 a composite number?
False
Is 6696440857 a composite number?
False
Is 74129986121 composite?
True
Is 17454924451 prime?
True
Is 22355347397 a prime number?
False
Is 6391628923 composite?
False
Is 5997127047 a prime number?
False
Is 1780622273 composite?
False
Is 2953030721 composite?
False
Is 1474931357 composite?
False
Is 903127003 composite?
False
Is 1716356513 prime?
True
Is 1712883351 prime?
False
Is 292796513 prime?
True
Is 21053180389 composite?
False
Is 2388937657 composite?
True
Is 4734277297 a prime number?
False
Is 588865609 composite?
False
Is 84632346329 a composite number?
True
Is 36589073879 composite?
False
Is 247595963 prime?
True
Is 2821757207 a composite number?
False
Is 71481197 a prime number?
True
Is 290312041 composite?
False
Is 89320937683 composite?
True
Is 304232897 a composite number?
True
Is 12586496357 a prime number?
True
Is 41761774751 composite?
True
Is 4260364421 a prime number?
True
Is 338607409 prime?
False
Is 196362931 a prime number?
False
Is 16249345447 a prime number?
True
Is 1815180221 a prime number?
True
Is 14022690167 a composite number?
False
Is 993451837 composite?
True
Is 3477171853 composite?
False
Is 1839508586 composite?
True
Is 66456410771 prime?
False
Is 134975649043 prime?
False
Is 61085414329 a composite number?
False
Is 30704986723 prime?
False
Is 18375829187 prime?
True
Is 4491734155 a prime number?
False
Is 173542557233 composite?
False
Is 372387991 a prime number?
True
Is 4839439469 composite?
True
Is 2691554059 prime?
True
Is 104146289869 composite?
False
Is 15525395542 a prime number?
False
Is 3823146737 a composite number?
False
Is 8926159007 composite?
False
Is 17697750803 a prime number?
False
Is 1848859583 a composite number?
True
Is 447849217 prime?
False
Is 16416091777 a prime number?
False
Is 6772190411 prime?
False
Is 2703732329 a composite number?
False
Is 1703269021 a composite number?
False
Is 177666177839 a prime number?
True
Is 323007397 a prime number?
True
Is 147870769385 prime?
False
Is 416616919 a composite number?
False
Is 817484711 prime?
False
Is 87611882 a prime number?
False
Is 76210243 prime?
False
Is 14959574767 a composite number?
True
Is 161822207 a composite number?
True
Is 35763821441 a prime number?
True
Is 2241895319 composite?
False
Is 1148428861 composite?
True
Is 1904253083 a composite number?
False
Is 36525521 a composite number?
False
Is 22888368131 a prime number?
True
Is 232829899 prime?
False
Is 664028219 a prime number?
False
Is 373181693 a composite number?
True
Is 447986879 a composite number?
False
Is 13567494797 a prime number?
True
Is 2929365683 a prime number?
False
Is 490128494 prime?
False
Is 2971595659 composite?
True
Is 7925981629 prime?
False
Is 8737520293 a prime number?
True
Is 49450234739 composite?
False
Is 2922871331 prime?
True
Is 4555532281 prime?
False
Is 648970409 prime?
True
Is 561581539 a composite number?
False
Is 32530271 a composite number?
False
Is 8351353943 composite?
False
Is 829285187 a composite number?
True
Is 2511517123 prime?
False
Is 324551911 a composite number?
False
Is 35083784311 a prime number?
True
Is 16356228599 a composite number?
False
Is 101735575621 composite?
False
Is 24106609 composite?
False
Is 75702569927 prime?
True
Is 4573333873 prime?
True
Is 7025026483 prime?
True
Is 21072259571 composite?
True
Is 117054114209 a composite number?
False
Is 75148471 a prime number?
False
Is 517406651 prime?
False
Is 1869470893 composite?
False
Is 63236869141 prime?
True
Is 3192917527 prime?
False
Is 1228895029 a composite number?
False
Is 12781725677 prime?
False
Is 2960471813 a prime number?
False
Is 3091332271 a prime number?
False
Is 9986075371 prime?
True
Is 47133773 a prime number?
True
Is 1133498033 compos